 + -1 + (-12)/4. Calculate the remainder when (h - -32)/((-15)/(-10)) is divided by 11.
9
Suppose 0 = n - 8 - 53. Calculate the remainder when 115 is divided by n.
54
Let y be (4/(-6))/(2/(-15)). Suppose 63 = -2*b + y*b. What is the remainder when 82 is divided by b?
19
Suppose 2*m - m = 2*y - 19, 3*m - 27 = -y. Let r be ((-63)/(-2))/((-6)/y). What is the remainder when (-18)/r - 320/(-7) is divided by 12?
10
Let f(a) = -2*a**2 - 3*a + 3. Let y be f(2). Let v(p) = 2*p**2 + 14*p + 8. What is the remainder when v(y) is divided by 25?
21
Calculate the remainder when 596 is divided by 7 - 464/(-87)*(3 + 0).
21
Calculate the remainder when 88 is divided by (39/(-5))/((-45)/(-750)*-2).
23
Let f = -205 + 344. Suppose 3*m - f = -6*g + g, -2*g - 5*m = -67. Suppose 4*w - 3*w = g. Calculate the remainder when 101 is divided by w.
23
Suppose s = -65 + 71. Suppose -2*p + s*p = 132. Let r = -18 + 35. Calculate the remainder when p is divided by r.
16
Suppose -5*r + 3*u = 6*u - 122, -2*r + 3*u = -32. Suppose -6*i + r = -4*i. Calculate the remainder when 19 is divided by i.
8
Suppose 2*b - y = 29, -4*b = 5*y - 71 - 22. Suppose 2*t + 4 = -2*t, -2*n + 64 = -4*t. What is the remainder when n is divided by b?
13
Suppose 0*w = -4*w + 352. Let c = 3224 + -3194. Calculate the remainder when w is divided by c.
28
Let z(u) = 17*u - 18*u + 1 + 19*u + 1. Calculate the remainder when z(1) is divided by 3.
2
Let y = 2587 + -2105. Calculate the remainder when y is divided by 44.
42
Let o = 41 + -16. Suppose 3*a + 122*x = 124*x + 142, -4*x - 152 = -3*a. Calculate the remainder when a is divided by o.
19
Suppose g - 42 = -3*n + 24, 5*n - 110 = g. What is the remainder when 58 is divided by n?
14
Let p = -342 + 361. What is the remainder when 55 is divided by p?
17
Let z be (1 + 31)*(-7)/(-7). Suppose 5*g - z = g. What is the remainder when g is divided by (-1 + 4 - 6)*16/(-12)?
0
Let t = 80 - 48. Let g = -14 + t. What is the remainder when 70 is divided by g?
16
Calculate the remainder when (-42)/(-5)*(-8)/((-64)/180) is divided by 38.
37
Let p = 274 + -171. Suppose 140 = -166*n + 170*n. Calculate the remainder when p is divided by n.
33
Let i(g) = -9*g + 173. Suppose 4 = 2*d - 18. What is the remainder when i(17) is divided by d?
9
Suppose 0 = 4*f - 9*f - 15, -584 = -2*h - 2*f. Calculate the remainder when h is divided by 11.
9
Suppose z + 3*r = 276, 5*z + 4*r - 691 = 722. Calculate the remainder when z is divided by 12.
9
Suppose n - 3*n = 0. Let i be (-30)/10 - (-3 + n). What is the remainder when (i + 1)/((-1)/(-65)) is divided by 34?
31
Let v = -3 + 13. Suppose 0 = 3*y - 49 - 32. Calculate the remainder when y is divided by v.
7
Let f = -75 - -76. What is the remainder when -14*2/(4/(-4)*f) is divided by 6?
4
Suppose -5*f = -2*f - b - 29, f - 15 = -b. Suppose 0 = x - 4*x - 177. What is the remainder when x/(-2) + f/22 is divided by 11?
8
Let l = -176 - -383. Calculate the remainder when l is divided by 35.
32
Let h = 56 + 35. Suppose -3*f = -0*f + 171. Let b = f + 80. What is the remainder when h is divided by b?
22
Suppose -3*k - 5*z = -226, -5*k + 2*z = 3*z - 362. Calculate the remainder when k is divided by 7.
2
What is the remainder when ((-5)/(-35))/(4/1988) is divided by 9?
8
What is the remainder when (-7 - 594/(-4))/(2/4) is divided by 41?
37
What is the remainder when 393 is divided by 2/(((-3)/87)/((-5)/10))?
16
Let z(b) be the first derivative of -b**4/4 - 4*b**3 - 3*b**2/2 - 11*b - 1. Let r be z(-12). Let w = 32 - r. Calculate the remainder when 26 is divided by w.
5
Let q(c) = c**3 + 8*c**2 - 19*c + 16. Let f = -14 + 4. What is the remainder when q(f) is divided by 2?
0
Let q = -1330 + 1357. Suppose -r + 0*r + 16 = 0. What is the remainder when q is divided by r?
11
Suppose 3*c + 17 = 5*h - 20, -5*h + 9 = 4*c. Calculate the remainder when 107 is divided by 15 + 9 + c/(-1).
23
Suppose -90 = -5*m - 5*r, -m + 5*r - 73 = -5*m. What is the remainder when m is divided by 88/9 + 4/18?
7
Let n = -216 - -298. Calculate the remainder when 236 is divided by n.
72
Let j(r) = 2*r - 4. Let d = 75 + -49. Suppose -5*a = -d - 19. Calculate the remainder when 41 is divided by j(a).
13
Let p = -35 + 59. Suppose -q - 8 + 0 = 0. Let h = q - -54. What is the remainder when h is divided by p?
22
Suppose -4*g = -5*g + 104. Let h(p) = p**3 - 13*p**2 + 25*p - 18. What is the remainder when g is divided by h(11)?
14
Suppose 0 = -z - 2*i + i + 3, -3*z = i - 3. Let t(n) = n**3 - n + 13. What is the remainder when t(z) is divided by 8?
5
Let y = -87 + 125. Calculate the remainder when 188 is divided by y.
36
Suppose 0 = -3*v + 2*v + 2. Suppose 0 = -9*f - 11 + 47. What is the remainder when f is divided by v?
0
Suppose -30 - 21 = -3*p. Calculate the remainder when p*((-1)/(-3) - 20/(-30)) is divided by 9.
8
Suppose 0 = 4*h + 3*a - 0*a + 28, -5*h + 3*a - 8 = 0. Let w be -7 + (-12)/(-3) + 2. What is the remainder when 20 is divided by (w/h)/((-2)/(-88))?
9
Let f = -38 - -148. What is the remainder when 210 is divided by f?
100
Let v = 3 - -6. Suppose -2*z - 5*t = 15, 47*z + 3*t = 48*z - 20. Calculate the remainder when v is divided by z.
4
Suppose -w + 29 = 5*v, v = 3*v + 6. Suppose w*k = 43*k + 247. Calculate the remainder when k is divided by 63.
58
Let o = -19 - -10. Let r(v) = -16*v - 4. Let w be r(o). Suppose -w - 2 = -2*x + 2*h, 0 = 2*x - 3*h - 142. Calculate the remainder when x is divided by 12.
11
Let m be 4/8*0*-1. Suppose -g = -5*x, 0 = 2*x - m*g + g. Suppose x*s = 4*s - 96. Calculate the remainder when 95 is divided by s.
23
Let d(f) be the third derivative of -5*f**4/24 + 8*f**3/3 - 7*f**2. What is the remainder when d(-11) is divided by 18?
17
Suppose 4*i - 5*t = -0*t - 161, -4*i = 2*t + 126. Let c = i - -42. Calculate the remainder when 15 is divided by c.
7
Let b(r) = 2*r**2 + 10*r - 21. What is the remainder when b(4) is divided by 14?
9
Let z be (-15 - -13) + 6/(-2). Suppose 2*t = d - 2*d - 46, -t + 2*d - 13 = 0. Let m = z - t. Calculate the remainder when 45 is divided by m.
13
Suppose 5*t - 201 = -46. Calculate the remainder when 58 is divided by t.
27
Let f = -251 - -293. Let x = -23 - -46. Calculate the remainder when f is divided by x.
19
Let f(b) be the first derivative of b**2/2 - 15*b + 9. What is the remainder when 44 is divided by f(24)?
8
Let a(r) = -r**3 + 6*r**2 + r + 1. Let s = -10 - -16. Let y = 0 + 4. What is the remainder when a(s) is divided by y?
3
Suppose d + d - 12 = 0. Calculate the remainder when 144 is divided by d.
0
Suppose -16 = -3*b + 2*p, -4*b + p + 0 = -18. Calculate the remainder when 119 is divided by 42 - ((2 - 5) + b).
37
Suppose -7*q - 60 = -9*q + 4*z, 3*q = 2*z + 94. Calculate the remainder when q is divided by 12.
8
Suppose -10 - 74 = -7*c. What is the remainder when 263 is divided by c?
11
Suppose 456 = -64*h + 88*h. Calculate the remainder when 69 is divided by h.
12
Suppose -5*f = -5*a - 3765, 10*a = 4*f + 7*a - 3011. What is the remainder when f is divided by 36?
32
Let z(b) = -5*b + 403*b**3 - 401*b**3 + 7*b**2 + 11 + 4*b**2. Calculate the remainder when z(-6) is divided by 4.
1
Let u(t) = -t**2 - 12*t + 8. Let n be u(16). What is the remainder when 84 is divided by (-1 + 7)/(-12*5/n)?
40
Let f be ((-28)/(-6) - 3)*3. What is the remainder when (-56)/(-10)*f/2 is divided by 8?
6
Suppose 4*m = -5*o + 1, 4*m + 8 = 7*o - 3*o. Calculate the remainder when (0 - (-2)/m - -2) + 55 is divided by 20.
15
Let y = 535 - 447. Calculate the remainder when y is divided by 11.
0
Suppose m - 14 = -3*u, -3*m - 28*u + 52 = -24*u. Calculate the remainder when 88 is divided by m.
8
Let o = 39 - 17. Let c = o + -20. What is the remainder when 24 is divided by 10 + c/((-6)/3)?
6
Suppose 3*a = 2*r + 170, -a + r + 64 = 9. What is the remainder when 373 is divided by a?
13
Let j = -157 - -111. Let u = 50 + j. What is the remainder when 23 is divided by u?
3
Calculate the remainder when 197 is divided by (2/(-2))/(1 + 41/(-40)).
37
Let v = 132 + -104. Let l = -3 + 2. Let d = v + l. What is the remainder when d is divided by 10?
7
Suppose -4 = v, q + 23*v = 20*v + 22. Calculate the remainder when 164 is divided by q.
28
Calculate the remainder when (1 + -4)*(17600/(-30))/20 is divided by 19.
12
Let j(v) = -2*v + 3. Let f be j(0). Suppose -f*g = -6*g + 96